38809?
False
Is 32 a factor of 244604602?
False
Does 1648 divide 32704481?
False
Does 40 divide 120836563?
False
Is 71 a factor of 82723591?
True
Does 44 divide 40411020?
False
Is 25 a factor of 80505450?
True
Is 66471504 a multiple of 804?
True
Is 3294 a factor of 1563754032?
True
Is 3946 a factor of 737982792?
False
Is 14 a factor of 79775682?
True
Does 292 divide 342594890?
False
Is 41569605 a multiple of 385?
True
Is 1747 a factor of 91673825?
True
Is 1471 a factor of 149533127?
False
Is 6 a factor of 567416365?
False
Is 15089193 a multiple of 29?
True
Does 366 divide 181501195?
False
Is 232809920 a multiple of 112?
True
Does 8 divide 3634024?
True
Is 110 a factor of 20638420?
True
Is 56798008 a multiple of 754?
False
Is 118318855 a multiple of 1511?
True
Is 71 a factor of 21451937?
False
Is 7 a factor of 86424?
False
Is 657548787 a multiple of 316?
False
Does 5 divide 64411445?
True
Is 1481 a factor of 119490799?
False
Is 18850598 a multiple of 145?
False
Is 3 a factor of 45079621?
False
Is 67700156 a multiple of 490?
False
Does 15 divide 12113235?
True
Is 169488161 even?
False
Is 31 a factor of 92585871?
True
Is 64740048 a multiple of 201?
False
Is 31 a factor of 42241450?
False
Is 40 a factor of 21508080?
True
Does 33 divide 36484277?
False
Is 454138748 a multiple of 476?
True
Is 3 a factor of 28877073?
True
Is 197192515 a multiple of 806?
False
Does 1184 divide 224244864?
True
Is 553 a factor of 23739737?
True
Does 141 divide 10668765?
True
Is 1654 a factor of 29125286?
True
Does 50 divide 2448855?
False
Is 894011418 a multiple of 5314?
True
Is 32291966 a multiple of 11?
False
Is 7 a factor of 712348044?
False
Is 7 a factor of 4827333?
True
Is 2959 a factor of 162984679?
True
Is 425263635 a multiple of 415?
False
Does 6861 divide 209788797?
True
Does 5617 divide 1298238765?
False
Is 65 a factor of 3622060?
True
Is 65027160 a multiple of 55?
True
Is 41 a factor of 170995488?
False
Does 187 divide 1531223320?
True
Does 152 divide 4013793?
False
Is 27847804 even?
True
Does 2610 divide 3336764940?
True
Is 51058568 a multiple of 2143?
False
Is 657983140 a multiple of 884?
False
Is 94739320 a multiple of 5?
True
Is 60909052 a multiple of 347?
False
Is 375198267 a multiple of 106?
False
Is 77481648 a multiple of 124?
True
Is 4835 a factor of 761826775?
True
Is 33160997 a multiple of 4923?
False
Is 126601605 a multiple of 2405?
True
Does 387 divide 73639521?
True
Is 4544325652 a multiple of 60?
False
Does 434 divide 13959775?
False
Does 18 divide 33660328?
False
Does 1330 divide 420560630?
True
Is 574448817 a multiple of 363?
False
Is 1532 a factor of 85602836?
False
Is 613 a factor of 6773373780?
False
Is 617 a factor of 56041033?
False
Is 7 a factor of 19105555?
True
Is 7 a factor of 841540?
True
Is 4 a factor of 280456664?
True
Is 2243239176 a multiple of 16?
False
Is 94 a factor of 82841376?
False
Is 198 a factor of 182468880?
True
Does 364 divide 485780204?
True
Does 7 divide 27775094?
False
Is 37091485 a multiple of 5?
True
Is 25 a factor of 326433?
False
Is 2231 a factor of 381495530?
False
Does 76 divide 690754?
False
Is 927856328 a multiple of 1598?
True
Is 36 a factor of 7446644?
False
Is 148 a factor of 23106796?
True
Is 64 a factor of 406364311?
False
Is 2 a factor of 2434646?
True
Is 344 a factor of 26516896?
True
Does 4 divide 27615204?
True
Is 8146401 a multiple of 237?
True
Does 506 divide 342716835?
False
Is 4194 a factor of 401932595?
False
Does 3026 divide 122913882?
False
Is 144 a factor of 62302320?
True
Is 10 a factor of 14404477?
False
Is 178184420 a multiple of 10?
True
Is 8 a factor of 6875818?
False
Is 107 a factor of 154413947?
True
Is 1977593 a multiple of 142?
False
Does 3 divide 6039096?
True
Is 7016998 a multiple of 43?
True
Does 162 divide 221984226?
True
Does 31 divide 2929919?
False
Is 12413284 a multiple of 1196?
True
Does 10 divide 47128698?
False
Is 55785795 a multiple of 523?
True
Does 2172 divide 200710176?
True
Is 1989301004 a multiple of 3404?
True
Does 2251 divide 82015185?
True
Is 167913704 even?
True
Does 799 divide 32815765?
False
Does 52 divide 1506814345?
False
Does 1407 divide 28112144?
False
Is 45984658 a multiple of 47?
False
Does 618 divide 422031241?
False
Is 1633 a factor of 39786412?
True
Does 48 divide 8979984?
True
Is 982 a factor of 106168930?
True
Is 19327408 a multiple of 57?
False
Is 585797688 a multiple of 28?
True
Is 30799150 a multiple of 1355?
True
Is 114 a factor of 217369728?
True
Is 1967097984 a multiple of 8?
True
Is 198619200 a multiple of 65?
True
Does 41 divide 320258626?
True
Is 683409981 a multiple of 4591?
False
Is 8 a factor of 123260704?
True
Does 19 divide 28797245?
False
Does 214 divide 8507570?
True
Does 12 divide 20918628?
True
Is 15193235 a multiple of 14?
False
Is 1046689812 a multiple of 43?
False
Is 109708960 a multiple of 40?
True
Is 562215 a multiple of 3?
True
Is 2052 a factor of 66864927?
False
Does 19 divide 113207817?
False
Is 2636292360 a multiple of 78?
True
Is 1564 a factor of 4113107296?
True
Is 343317645 a multiple of 2671?
False
Is 7388199 a multiple of 63?
True
Is 122 a factor of 418018604?
True
Is 108 a factor of 63729072?
True
Is 751373913 a multiple of 69?
True
Is 63 a factor of 1177314138?
True
Is 317 a factor of 10915895?
True
Does 158 divide 13414042?
True
Is 26166928 a multiple of 583?
False
Does 195 divide 2653950?
True
Is 6 a factor of 5540316?
True
Is 13 a factor of 632619?
True
Does 1248 divide 502308768?
True
Does 250 divide 123378160?
False
Does 8 divide 158962327?
False
Is 12650103 a multiple of 761?
True
Is 291 a factor of 42183360?
True
Does 12 divide 51271845?
False
Does 988 divide 221441873?
False
Does 35 divide 2461071445?
True
Is 38 a factor of 819063794?
False
Is 3223 a factor of 240439023?
True
Does 35 divide 76724681?
False
Does 7 divide 355052589?
False
Is 19 a factor of 1595403256?
False
Is 21 a factor of 178954209?
True
Is 122 a factor of 45898962?
True
Does 1824 divide 947344803?
False
Is 227 a factor of 64580193?
False
Does 339 divide 8490594?
True
Does 31 divide 160735527?
True
Does 2356 divide 2358801284?
True
Does 2961 divide 407208564?
True
Does 224 divide 2302725824?
True
Does 3932 divide 27032500?
True
Is 6984511 a multiple of 5?
False
Is 269 a factor of 2190818323?
False
Does 1338 divide 181026235?
False
Is 1007 a factor of 499160837?
True
Is 2038144 a multiple of 8?
True
Does 139 divide 2168288721?
False
Does 9 divide 1179140901?
False
Is 375 a factor of 48761986?
False
Does 101 divide 574431036?
True
Is 137515499 a multiple of 17?
True
Does 174 divide 1429169184?
True
Is 100 a factor of 41684235?
False
Does 470 divide 4417134?
False
Is 546265638 a multiple of 793?
False
Is 2569 a factor of 165641413?
True
Is 17992576 a multiple of 1376?
True
Is 169699017 even?
False
Does 44 divide 58254?
False
Is 43352677 a multiple of 195?
False
Does 93 divide 1225194536?
False
Is 109466820 a multiple of 37?
False
Does 15 divide 41715836?
False
Is 212219898 a multiple of 2134?
True
Does 12 divide 3312980?
False
Does 203 divide 29799117?
False
Is 140756907 a multiple of 18?
False
Is 19930311 a multiple of 104?
False
Does 357 divide 53747421?
True
Is 3 a factor of 112576175?
False
Does 62 divide 76814714?
True
Does 17 divide 335177883?
False
Is 413839348 a multiple of 4771?
False
Does 65 divide 6932946215?
True
Is 215241724 a multiple of 44?
False
Does 3643 divide 660404368?
False
Is 39003456 a multiple of 1488?
True
Does 28 divide 32420948?
True
Is 220214710 a multiple of 173?
False
Is 220800762 a multiple of 42?
True
Does 90 divide 1626520364?
False
Does 38 divide 135620873?
False
Is 79 a factor of 8977433?
False
Does 13 divide 120139305?
True
Is 755343486 a multiple of 107?
False
Does 15 divide 28891839?
False
Does 5816 divide 1507044834?
False
Is 5531 a factor of 229789713?
False
Is 34 a factor of 875216835?
False
Is 236406820 a multiple of 331?
True
Does 574 divide 1630926864?
True
Does 37 divide 24242437?
True
Does 487 divide 31430493?
True
Does 8 divide 27234944?
True
Is 2058 a factor of 59371619?
False
Is 27802140 a multiple of 970?
True
Is 82 a factor of 71674397?
False
Is 53 a factor of 197448691?
True
Does 26 divide 3873783?
False
Is 5617936 a multiple of 190?
False
Is 22 a factor of 4286320456?
True
Is 144 a fact